t is the ten thousands digit of 234130?
3
What is the ten thousands digit of 5863028?
6
What is the hundreds digit of 1178350?
3
What is the thousands digit of 22698558?
8
What is the tens digit of 39372?
7
What is the ten thousands digit of 7883091?
8
What is the tens digit of 1063337?
3
What is the tens digit of 1846876?
7
What is the ten millions digit of 21733474?
2
What is the hundreds digit of 59948?
9
What is the hundreds digit of 69887?
8
What is the thousands digit of 5244357?
4
What is the hundreds digit of 8073310?
3
What is the ten thousands digit of 1301325?
0
What is the thousands digit of 587354?
7
What is the tens digit of 5336413?
1
What is the tens digit of 246561?
6
What is the millions digit of 1493849?
1
What is the tens digit of 463285?
8
What is the tens digit of 3848912?
1
What is the thousands digit of 654937?
4
What is the hundreds digit of 5627102?
1
What is the millions digit of 2183928?
2
What is the hundreds digit of 19355310?
3
What is the thousands digit of 16145739?
5
What is the units digit of 371409?
9
What is the ten thousands digit of 1580350?
8
What is the ten thousands digit of 1255385?
5
What is the hundreds digit of 924587?
5
What is the hundreds digit of 16624191?
1
What is the hundred thousands digit of 101439?
1
What is the ten thousands digit of 288757?
8
What is the ten thousands digit of 12845861?
4
What is the hundreds digit of 13708021?
0
What is the hundreds digit of 202721?
7
What is the tens digit of 1110701?
0
What is the ten thousands digit of 83989?
8
What is the units digit of 1685267?
7
What is the ten thousands digit of 1278765?
7
What is the tens digit of 11296462?
6
What is the units digit of 2147182?
2
What is the tens digit of 75469?
6
What is the hundred thousands digit of 124461?
1
What is the hundred thousands digit of 2636736?
6
What is the units digit of 173768?
8
What is the tens digit of 823211?
1
What is the hundred thousands digit of 5763562?
7
What is the hundred thousands digit of 7043654?
0
What is the hundred thousands digit of 12908787?
9
What is the tens digit of 460861?
6
What is the units digit of 652934?
4
What is the millions digit of 2211684?
2
What is the thousands digit of 600047?
0
What is the hundred thousands digit of 19942875?
9
What is the hundred thousands digit of 3144147?
1
What is the thousands digit of 59669?
9
What is the thousands digit of 15200294?
0
What is the hundred thousands digit of 115923?
1
What is the ten millions digit of 18552500?
1
What is the hundreds digit of 1081851?
8
What is the thousands digit of 3928428?
8
What is the hundred thousands digit of 10278390?
2
What is the thousands digit of 27932?
7
What is the units digit of 77881?
1
What is the ten millions digit of 42522337?
4
What is the units digit of 1126651?
1
What is the tens digit of 1936316?
1
What is the tens digit of 14410851?
5
What is the units digit of 2739689?
9
What is the thousands digit of 313701?
3
What is the ten thousands digit of 3743743?
4
What is the ten thousands digit of 1445791?
4
What is the tens digit of 126245?
4
What is the thousands digit of 3085753?
5
What is the hundreds digit of 4042523?
5
What is the ten thousands digit of 345227?
4
What is the hundreds digit of 394321?
3
What is the hundreds digit of 8496118?
1
What is the units digit of 382157?
7
What is the ten thousands digit of 19881121?
8
What is the tens digit of 1282851?
5
What is the thousands digit of 139340?
9
What is the ten thousands digit of 1641681?
4
What is the hundred thousands digit of 1021101?
0
What is the thousands digit of 538375?
8
What is the hundreds digit of 10232630?
6
What is the units digit of 86355?
5
What is the millions digit of 1975861?
1
What is the hundred thousands digit of 808208?
8
What is the hundreds digit of 1801498?
4
What is the thousands digit of 2207637?
7
What is the units digit of 263905?
5
What is the tens digit of 3489898?
9
What is the ten thousands digit of 298422?
9
What is the ten thousands digit of 377098?
7
What is the tens digit of 4846043?
4
What is the tens digit of 157952?
5
What is the tens digit of 3473134?
3
What is the tens digit of 561007?
0
What is the hundreds digit of 444926?
9
What is the hundreds digit of 12619356?
3
What is the units digit of 323135?
5
What is the hundred thousands digit of 961687?
9
What is the ten thousands digit of 214978?
1
What is the thousands digit of 210980?
0
What is the tens digit of 8494873?
7
What is the millions digit of 25443135?
5
What is the units digit of 269617?
7
What is the hundred thousands digit of 1588469?
5
What is the units digit of 81033?
3
What is the tens digit of 996293?
9
What is the thousands digit of 631297?
1
What is the ten thousands digit of 5073236?
7
What is the tens digit of 202795?
9
What is the ten thousands digit of 11409704?
0
What is the thousands digit of 11885714?
5
What is the hundred thousands digit of 1049491?
0
What is the millions digit of 10456992?
0
What is the tens digit of 24447437?
3
What is the hundreds digit of 210428?
4
What is the thousands digit of 212824?
2
What is the tens digit of 969867?
6
What is the hundred thousands digit of 490744?
4
What is the tens digit of 5665768?
6
What is the hundreds digit of 3531711?
7
What is the millions digit of 11830209?
1
What is the hundreds digit of 2241864?
8
What is the hundreds digit of 5676962?
9
What is the tens digit of 5663537?
3
What is the ten thousands digit of 2895937?
9
What is the hundred thousands digit of 1158552?
1
What is the thousands digit of 309227?
9
What is the thousands digit of 2888450?
8
What is the units digit of 815074?
4
What is the ten thousands digit of 112228?
1
What is the hundreds digit of 81616?
6
What is the hundreds digit of 225252?
2
What is the units digit of 115188?
8
What is the units digit of 96832?
2
What is the units digit of 707260?
0
What is the hundreds digit of 25647274?
2
What is the tens digit of 63635?
3
What is the units digit of 797877?
7
What is the units digit of 16846629?
9
What is the millions digit of 37131322?
7
What is the ten thousands digit of 2480615?
8
What is the thousands digit of 192810?
2
What is the ten thousands digit of 6165425?
6
What is the units digit of 262276?
6
What is the hundred thousands digit of 4486610?
4
What is the tens digit of 2047769?
6
What is the ten thousands digit of 236393?
3
What is the millions digit of 12711941?
2
What is the ten thousands digit of 106587?
0
What is the tens digit of 2645935?
3
What is the tens digit of 122869?
6
What is the units digit of 834006?
6
What is the thousands digit of 1569825?
9
What is the hundred thousands digit of 18482964?
4
What is the ten thousands digit of 178151?
7
What is the hundreds digit of 1326781?
7
What is the units digit of 1997182?
2
What is the ten thousands digit of 348256?
4
What is the tens digit of 4065?
6
What is the hundreds digit of 1079845?
8
What is the millions digit of 38587277?
8
What is the hundred thousands digit of 277209?
2
What is the ten thousands digit of 1189894?
8
What is the ten thousands digit of 2640025?
4
What is the hundreds digit of 2079530?
5
What is the hundreds digit of 6050024?
0
What is the thousands digit of 1770677?
0
What is the units digit of 73276?
6
What is the ten thousands digit of 3169060?
6
What is the ten thousands digit of 80023?
8
What is the thousands digit of 8312756?
2
What is the millions digit of 4918537?
4
What is the millions digit of 5137241?
5
What is the tens digit of 38190047?
4
What is the millions digit of 8498112?
8
What is the units digit of 642029?
9
What is the hundred thousands digit of 1349986?
3
What is the thousands digit of 115201?
5
What is the ten thousands digit of 1261699?
6
What is the hundreds digit of 5427684?
6
What is the tens digit of 763296?
9
What is the hundred thousands digit of 263896?
2
What is the hundred thousands digit of 114783?
1
What is the hundreds digit of 84023?
0
What is the thousands digit of 186430?
6
What is the tens digit of 432166?
6
What is the hundreds digit of 146151?
1
What is the thousands digit of 143982?
3
What is the hundred thousands digit of 1947822?
9
What is the tens digit of 185857?
5
What is the hundreds digit of 705228?
2
What is the hundred thousands digit o